inder when 261664908 is divided by 10?
8
What is the remainder when 4679511 is divided by 4262?
4097
Calculate the remainder when 8713684 is divided by 622404.
28
What is the remainder when 248699 is divided by 70?
59
Calculate the remainder when 410721 is divided by 28.
17
Calculate the remainder when 2444834 is divided by 94030.
54
What is the remainder when 245174 is divided by 9076?
122
Calculate the remainder when 9809580 is divided by 765.
750
Calculate the remainder when 13945649 is divided by 15.
14
What is the remainder when 11067648 is divided by 4066?
4062
Calculate the remainder when 251054 is divided by 2060.
1794
Calculate the remainder when 1116124 is divided by 387.
16
What is the remainder when 876934 is divided by 25054?
44
Calculate the remainder when 108696 is divided by 108632.
64
Calculate the remainder when 11119269 is divided by 1997.
1970
Calculate the remainder when 3764407 is divided by 1205.
1192
What is the remainder when 108565836 is divided by 2737?
2731
Calculate the remainder when 28494325 is divided by 97.
90
What is the remainder when 18467 is divided by 953?
360
What is the remainder when 3839384 is divided by 5539?
857
What is the remainder when 217938004 is divided by 39?
37
What is the remainder when 327673 is divided by 6179?
186
What is the remainder when 1851961 is divided by 6408?
49
Calculate the remainder when 713324039 is divided by 55.
54
What is the remainder when 2817029 is divided by 83?
9
What is the remainder when 7112305 is divided by 1844?
1841
What is the remainder when 3097588 is divided by 4855?
98
What is the remainder when 1414613 is divided by 11786?
293
Calculate the remainder when 30601 is divided by 316.
265
What is the remainder when 21818 is divided by 4332?
158
What is the remainder when 59183 is divided by 294?
89
Calculate the remainder when 30488740 is divided by 73.
71
Calculate the remainder when 9557 is divided by 230.
127
Calculate the remainder when 867504 is divided by 27.
21
What is the remainder when 54940 is divided by 1229?
864
What is the remainder when 355462 is divided by 88842?
94
Calculate the remainder when 657317 is divided by 366.
347
What is the remainder when 73696460 is divided by 1362?
2
What is the remainder when 29754230 is divided by 201?
200
Calculate the remainder when 2944 is divided by 2760.
184
Calculate the remainder when 96479 is divided by 3519.
1466
Calculate the remainder when 498649099 is divided by 18.
13
Calculate the remainder when 5421684 is divided by 997.
995
What is the remainder when 394116 is divided by 8151?
2868
What is the remainder when 113242 is divided by 12518?
580
Calculate the remainder when 557035 is divided by 29242.
1437
Calculate the remainder when 886211 is divided by 2308.
2247
What is the remainder when 56189124 is divided by 1412?
1408
What is the remainder when 2830 is divided by 195?
100
What is the remainder when 34062791 is divided by 39?
35
Calculate the remainder when 863993 is divided by 1421.
25
Calculate the remainder when 982025 is divided by 10674.
17
What is the remainder when 17988432 is divided by 481?
475
What is the remainder when 182552419 is divided by 67?
65
Calculate the remainder when 643522 is divided by 319117.
5288
What is the remainder when 119420 is divided by 59664?
92
Calculate the remainder when 16373489 is divided by 11466.
41
What is the remainder when 204762 is divided by 357?
201
Calculate the remainder when 156970 is divided by 955.
350
What is the remainder when 24854701 is divided by 161?
4
Calculate the remainder when 1527714 is divided by 1562.
78
Calculate the remainder when 57556929 is divided by 32740.
9
What is the remainder when 33511973 is divided by 1726?
1683
Calculate the remainder when 606041 is divided by 12876.
869
Calculate the remainder when 145659787 is divided by 145659762.
25
What is the remainder when 577049 is divided by 14836?
13281
What is the remainder when 203893 is divided by 5825?
18
Calculate the remainder when 3349097 is divided by 1674514.
69
Calculate the remainder when 14872488 is divided by 43.
35
What is the remainder when 40616615 is divided by 1912?
1911
Calculate the remainder when 2071898 is divided by 172658.
2
Calculate the remainder when 708221 is divided by 6833.
4422
Calculate the remainder when 8084258 is divided by 833.
826
What is the remainder when 4281784 is divided by 1427200?
184
What is the remainder when 20979467 is divided by 10?
7
What is the remainder when 193976 is divided by 1763?
46
Calculate the remainder when 3475070 is divided by 1255.
1230
What is the remainder when 208217 is divided by 7431?
149
What is the remainder when 2465476 is divided by 84?
76
What is the remainder when 26351 is divided by 3527?
1662
Calculate the remainder when 10882887 is divided by 153.
150
Calculate the remainder when 5505225 is divided by 152919.
141
What is the remainder when 44683 is divided by 14866?
85
What is the remainder when 20100 is divided by 110?
80
Calculate the remainder when 7650 is divided by 110.
60
Calculate the remainder when 14676803 is divided by 50.
3
Calculate the remainder when 20525983 is divided by 57.
55
What is the remainder when 6418171 is divided by 35?
11
What is the remainder when 2610640 is divided by 652658?
8
What is the remainder when 1870813 is divided by 35?
28
What is the remainder when 1516960 is divided by 303332?
300
What is the remainder when 864343 is divided by 285?
223
Calculate the remainder when 20355298 is divided by 27.
25
Calculate the remainder when 1187974 is divided by 1910.
1864
What is the remainder when 1780045 is divided by 197775?
70
Calculate the remainder when 469713 is divided by 234709.
295
Calculate the remainder when 15546 is divided by 1671.
507
What is the remainder when 300999959 is divided by 548?
547
What is the remainder when 972887 is divided by 59?
36
Calculate the remainder when 105913434 is divided by 13239178.
10
Calculate the remainder when 970546 is divided by 86.
36
Calculate the remainder when 2024010 is divided by 419.
240
Calculate the remainder when 4108317 is divided by 28529.
141
Calculate the remainder when 1159001 is divided by 650.
51
Calculate the remainder when 147136 is divided by 143758.
3378
What is the remainder when 614151 is divided by 2097?
1827
Calculate the remainder when 552047 is divided by 61.
58
What is the remainder when 6818198 is divided by 166296?
62
What is the remainder when 8053604 is divided by 350?
104
What is the remainder when 102254752 is divided by 40?
32
What is the remainder when 1185357 is divided by 3154?
2607
Calculate the remainder when 1986559 is divided by 3019.
57
What is the remainder when 4210 is divided by 37?
29
What is the remainder when 13546975 is divided by 2099?
29
Calculate the remainder when 27987503 is divided by 2862.
5
What is the remainder when 19018014 is divided by 8?
6
What is the remainder when 2017277 is divided by 1154?
85
What is the remainder when 641979 is divided by 169?
117
What is the remainder when 22823244 is divided by 45?
9
Calculate the remainder when 294156 is divided by 24286.
2724
What is the remainder when 5222963 is divided by 5222914?
49
What is the remainder when 41650647 is divided by 20825321?
5
Calculate the remainder when 850112 is divided by 413.
158
What is the remainder when 99920209 is divided by 3294?
13
What is the remainder when 331816 is divided by 6381?
4
Calculate the remainder when 745752 is divided by 5180.
5012
Calculate the remainder when 10396144 is divided by 253564.
20
Calculate the remainder when 1524163 is divided by 4764.
4447
What is the remainder when 49036 is divided by 3873?
2560
What is the remainder when 130205 is divided by 1692?
1613
Calculate the remainder when 2344703 is divided by 8226.
293
What is the remainder when 330947 is divided by 330832?
115
What is the remainder when 272850 is divided by 90941?
27
Calculate the remainder when 1880896 is divided by 24114.
4
Calculate the remainder when 19653156 is divided by 1201.
1193
Calculate the remainder when 6193391 is divided by 228.
227
What is the remainder when 8828100 is divided by 447?
297
Calculate the remainder when 8804950 is divided by 1370.
1330
What is the remainder when 3079090 is